795 a prime number?
False
Is 947939521 a composite number?
False
Is 2356788661 prime?
True
Is 18656262847 composite?
False
Is 2033218279 a prime number?
True
Is 851588561 composite?
False
Is 73178802919 composite?
True
Is 1030761517 prime?
True
Is 319069649 composite?
False
Is 9020781085 a composite number?
True
Is 2588038301 a prime number?
True
Is 50781668597 prime?
False
Is 10369842463 prime?
False
Is 3070479317 a prime number?
True
Is 2018842219 a composite number?
False
Is 1354833287 composite?
False
Is 69545397013 a composite number?
True
Is 180399434503 a composite number?
False
Is 21238162877 a prime number?
True
Is 22770623 a prime number?
False
Is 6970331861 a composite number?
True
Is 33144442897 prime?
False
Is 1298878561 a composite number?
True
Is 472113793 a composite number?
True
Is 76731715 a prime number?
False
Is 10956189641 a composite number?
False
Is 114513461 prime?
False
Is 59489209321 prime?
False
Is 10654537249 composite?
False
Is 238160417 a prime number?
False
Is 48542449 a composite number?
True
Is 63491195337 a composite number?
True
Is 27448375701 a prime number?
False
Is 1213617329 a prime number?
True
Is 8837286151 composite?
False
Is 132408764087 composite?
False
Is 22800234701 prime?
True
Is 1339150727 a prime number?
False
Is 858530159 prime?
True
Is 11218000435 a prime number?
False
Is 9284951405 a composite number?
True
Is 176043781 prime?
False
Is 1145430917 prime?
False
Is 493935073 a prime number?
True
Is 45608749331 a composite number?
False
Is 17720736997 composite?
False
Is 1850372987 a composite number?
False
Is 106932379637 prime?
False
Is 27328368421 a composite number?
False
Is 311968333 a composite number?
True
Is 563019371 composite?
True
Is 8091794587 a prime number?
False
Is 20446768039 a prime number?
True
Is 36005833 a prime number?
False
Is 502162181 prime?
False
Is 19257079483 composite?
True
Is 43441597963 a prime number?
False
Is 1995446527 a composite number?
False
Is 84366483979 prime?
True
Is 13189989391 prime?
True
Is 449897 prime?
False
Is 330805731 a composite number?
True
Is 56655218309 a composite number?
False
Is 20533701761 a composite number?
False
Is 4115633381 a composite number?
False
Is 177502369 composite?
True
Is 1346710433 a prime number?
False
Is 650466127 a prime number?
False
Is 6998632517 a prime number?
True
Is 48394817 a composite number?
False
Is 615891533 composite?
True
Is 19859670353 a composite number?
False
Is 5256219361 prime?
False
Is 8971136299 a composite number?
False
Is 694008929 a composite number?
True
Is 13947354065 prime?
False
Is 2461760681 a prime number?
False
Is 38824855243 a prime number?
True
Is 300221843 prime?
False
Is 71883837919 prime?
False
Is 294107753 prime?
True
Is 57652577 a prime number?
False
Is 3489136891 composite?
False
Is 37406101 prime?
True
Is 1377227833 composite?
True
Is 48409564057 a prime number?
True
Is 49956461669 a prime number?
True
Is 3159987893 a composite number?
False
Is 11108095751 composite?
True
Is 449664737 prime?
False
Is 11837414311 prime?
False
Is 2650093181 a composite number?
False
Is 94475714159 prime?
True
Is 135040510817 a prime number?
True
Is 25828166881 prime?
False
Is 444084787 a composite number?
False
Is 15157180963 composite?
False
Is 8407150789 a prime number?
True
Is 476089531 prime?
False
Is 13757359109 prime?
False
Is 283443269171 a composite number?
True
Is 21892467943 prime?
True
Is 20924482903 prime?
True
Is 471474301 a composite number?
True
Is 7893923677 prime?
True
Is 199284754717 a prime number?
True
Is 2032637041 a composite number?
True
Is 10591448107 a prime number?
True
Is 826876057 a prime number?
False
Is 704961137 prime?
False
Is 9521023643 composite?
False
Is 5531777 a prime number?
True
Is 250297981 prime?
True
Is 5250830833 a prime number?
True
Is 107623286207 composite?
False
Is 1329260027 composite?
False
Is 15281770466 prime?
False
Is 46978106003 a composite number?
False
Is 93331682149 a prime number?
True
Is 1859551159 a composite number?
False
Is 10080607531 composite?
False
Is 9088591121 a prime number?
True
Is 3125617111 prime?
True
Is 47359429 a prime number?
False
Is 1197927779 a composite number?
False
Is 7371792887 a prime number?
False
Is 407721449 a composite number?
True
Is 330007477 a composite number?
True
Is 47657449643 composite?
True
Is 469915337 a composite number?
False
Is 90329803 prime?
False
Is 1707887602 a composite number?
True
Is 49174705 prime?
False
Is 3930358279 a composite number?
False
Is 142430011 composite?
True
Is 123749387 composite?
False
Is 25171791577 composite?
True
Is 30289554835 prime?
False
Is 52793915263 composite?
True
Is 1914704131 a prime number?
True
Is 390912271 prime?
True
Is 2961967691 a prime number?
False
Is 1266237953 prime?
False
Is 916809611 a composite number?
False
Is 55386236515 prime?
False
Is 2741917177 a prime number?
False
Is 1175710911 a composite number?
True
Is 404204897 composite?
True
Is 289845681 a prime number?
False
Is 14611967 a prime number?
True
Is 225559657 a composite number?
False
Is 128663419 prime?
False
Is 8893455227 composite?
False
Is 8499181459 prime?
False
Is 10714912121 prime?
False
Is 1580445143 a prime number?
True
Is 816742889 composite?
True
Is 495743201 composite?
False
Is 551762681 composite?
False
Is 339990678931 composite?
False
Is 1726558751 composite?
True
Is 159886817797 composite?
True
Is 166674653 prime?
True
Is 240378627155 composite?
True
Is 1395123077 prime?
False
Is 8237434867 a prime number?
False
Is 3231157033 composite?
True
Is 33342208487 composite?
True
Is 4925905297 a composite number?
False
Is 4182505177 composite?
False
Is 14698464269 prime?
True
Is 2563818199 prime?
True
Is 2167341211 a prime number?
False
Is 30327962543 a prime number?
True
Is 34554763 prime?
False
Is 1593190769 composite?
False
Is 502929907 composite?
False
Is 102939113 a composite number?
True
Is 1629264137 prime?
True
Is 1069494295 prime?
False
Is 559198301 prime?
False
Is 61998553 composite?
True
Is 30260159 a prime number?
True
Is 6835033217 composite?
True
Is 312595691 a prime number?
False
Is 4540668181 a prime number?
False
Is 36386823833 composite?
True
Is 225809494 prime?
False
Is 1561025447 a prime number?
True
Is 472057966 composite?
True
Is 334392593 prime?
True
Is 308018479 prime?
True
Is 80205148771 a prime number?
False
Is 1758378653 a prime number?
True
Is 2139779281 a composite number?
False
Is 3508487701 composite?
True
Is 554734577 a prime number?
False
Is 777387029 composite?
False
Is 8580308549 a prime number?
True
Is 751675253 prime?
False
Is 2312526094 composite?
True
Is 55539308537 composite?
False
Is 61522741981 a composite number?
False
Is 29972026849 a prime number?
False
Is 6969999227 a composite number?
False
Is 221907168233 a prime number?
True
Is 574001063 a prime number?
True
Is 1517073941 composite?
False
Is 527219729 composite?
False
Is 134882367559 prime?
True
Is 2131665994 a composite number?
True
Is 914021653 prime?
True
Is 4013200859 composite?
False
Is 2972873543 composite?
True
Is 38158200305 prime?
False
Is 1334385541 composite?
True
Is 111272877223 prime?
False
Is 3168812173 prime?
True
Is 11213535533 prime?
False
Is 12973267649 a composite number?
False
Is 158436743 a composite number?
True
Is 1407841607 a composite number?
True
Is 608216233 a prime number?
False
Is 20210701763 a composite number?
True
Is 50233125259 a prime number?
False
Is 1906916719 composite?
False
Is 1557739237 prime?
True
Is 14350242311 prime?
True
Is 4799827871 composite?
True
Is 67392163 a composite number?
False
Is 14426242877 prime?
False
Is 38320757 prime?
True
Is 1161860371 prime?
False
Is 1236863189 a prime number?
False
Is 5776521262 prime?
False
Is 55340213 composite?
False
Is 22892499997 prime?
False
Is 176097923 a prime number?
False
Is 1637996513 composite?
True
Is 214756847 composite?
False
Is 4428938343 a prime number?
False
Is 15380109253 a prime number?
False
Is 243721631 a composite number?
True
Is 221122259 prime?
True
Is 887167561 prime?
False
Is 3706469761 prime?
False
Is 664087114371 a composite number?
True
Is 11930195803 a prime number?
True
Is 2781763277 prime?
True
Is 631598033 prime?
False
Is 82566949 composite?
False
Is 1794700573 a composite number